
5, 143107
What are the prime factors of 283802?
2, 41, 3461
List the prime factors of 1318480.
2, 5, 16481
List the prime factors of 5773263.
3, 1319, 1459
List the prime factors of 798472.
2, 99809
List the prime factors of 907653.
3, 302551
List the prime factors of 87665.
5, 89, 197
What are the prime factors of 1045401?
3, 7, 67, 743
What are the prime factors of 932665?
5, 103, 1811
What are the prime factors of 457503?
3, 152501
List the prime factors of 2347427.
2347427
What are the prime factors of 2356650?
2, 3, 5, 5237
What are the prime factors of 109315?
5, 21863
List the prime factors of 1031876.
2, 61, 4229
What are the prime factors of 2016964?
2, 19, 26539
What are the prime factors of 210338?
2, 251, 419
What are the prime factors of 1811987?
1811987
What are the prime factors of 541890?
2, 3, 5, 223
What are the prime factors of 3372751?
61, 55291
List the prime factors of 876204.
2, 3, 7, 19, 61
List the prime factors of 32423377.
7, 67, 257, 269
What are the prime factors of 12768873?
3, 13, 327407
What are the prime factors of 2532183?
3, 844061
List the prime factors of 3060174.
2, 3, 13, 39233
List the prime factors of 140715.
3, 5, 53, 59
List the prime factors of 4927177.
4927177
What are the prime factors of 31267?
31267
List the prime factors of 209046.
2, 3, 34841
What are the prime factors of 240473?
240473
List the prime factors of 3848912.
2, 23, 10459
List the prime factors of 698707.
43, 16249
What are the prime factors of 170444?
2, 42611
What are the prime factors of 83958?
2, 3, 7, 1999
List the prime factors of 57973.
57973
List the prime factors of 2261135.
5, 452227
What are the prime factors of 20823077?
11, 359, 5273
What are the prime factors of 2440?
2, 5, 61
What are the prime factors of 1320483?
3, 179, 2459
What are the prime factors of 61089?
3, 7, 2909
List the prime factors of 2011819.
101, 19919
What are the prime factors of 1160396?
2, 23, 12613
List the prime factors of 1862144.
2, 3637
What are the prime factors of 97754?
2, 37, 1321
What are the prime factors of 1480474?
2, 740237
What are the prime factors of 20004384?
2, 3, 208379
List the prime factors of 9458289.
3, 38923
List the prime factors of 39891479.
163, 244733
List the prime factors of 136938.
2, 3, 29, 787
List the prime factors of 203492.
2, 50873
List the prime factors of 2358280.
2, 5, 19, 29, 107
List the prime factors of 62528.
2, 977
What are the prime factors of 230049?
3, 25561
What are the prime factors of 818873?
11, 17, 29, 151
List the prime factors of 166938.
2, 3, 27823
What are the prime factors of 22149043?
7, 167, 18947
List the prime factors of 4748292.
2, 3, 41, 3217
What are the prime factors of 1088802?
2, 3, 11, 13, 47
List the prime factors of 167701.
67, 2503
List the prime factors of 1407204.
2, 3, 39089
List the prime factors of 742886.
2, 37, 10039
List the prime factors of 2774453.
11, 252223
What are the prime factors of 1083291?
3, 11, 17, 1931
List the prime factors of 62308.
2, 37, 421
List the prime factors of 21007166.
2, 10503583
What are the prime factors of 992601?
3, 97, 379
List the prime factors of 206662.
2, 191, 541
What are the prime factors of 578321?
167, 3463
What are the prime factors of 221173?
221173
What are the prime factors of 1711016?
2, 17, 23, 547
What are the prime factors of 994378?
2, 7, 11, 587
List the prime factors of 82502.
2, 7, 71, 83
List the prime factors of 222266.
2, 11, 10103
What are the prime factors of 9376390?
2, 5, 937639
List the prime factors of 5627228.
2, 1406807
List the prime factors of 749539.
7, 107077
List the prime factors of 802318.
2, 11, 36469
What are the prime factors of 2277772?
2, 7, 81349
List the prime factors of 1050983.
269, 3907
What are the prime factors of 7492465?
5, 89, 113, 149
List the prime factors of 3850930.
2, 5, 59, 61, 107
List the prime factors of 307330.
2, 5, 73, 421
List the prime factors of 20911527.
3, 7, 13, 2837
What are the prime factors of 1478415?
3, 5, 98561
What are the prime factors of 1050181?
11, 95471
What are the prime factors of 729605?
5, 337, 433
List the prime factors of 1597872.
2, 3, 33289
List the prime factors of 1056162.
2, 3, 103, 1709
What are the prime factors of 578178?
2, 3, 43, 83
List the prime factors of 7674300.
2, 3, 5, 8527
What are the prime factors of 7091781?
3, 2363927
List the prime factors of 2697288.
2, 3, 11, 17, 601
What are the prime factors of 8655234?
2, 3, 7, 206077
List the prime factors of 2381904.
2, 3, 7, 17, 139
What are the prime factors of 2316094?
2, 11, 105277
What are the prime factors of 28910?
2, 5, 7, 59
List the prime factors of 6261681.
3, 23, 90749
What are the prime factors of 1418244?
2, 3, 73, 1619
What are the prime factors of 671310?
2, 3, 5, 7459
What are the prime factors of 5363341?
31, 5581
What are the prime factors of 8601278?
2, 7, 614377
What are the prime factors of 14684025?
3, 5, 195787
List the prime factors of 465164.
2, 7, 37, 449
List the prime factors of 4878435.
3, 5, 325229
What are the prime factors of 6116145?
3, 5, 7, 31, 1879
List the prime factors of 173505.
3, 5, 43, 269
What are the prime factors of 5714896?
2, 11, 19, 1709
List the prime factors of 1652961.
3, 17, 32411
List the prime factors of 1062587.
31, 151, 227
What are the prime factors of 4968392?
2, 11, 13, 43, 101
List the prime factors of 10402231.
7, 59, 89, 283
List the prime factors of 10620895.
5, 937, 2267
What are the prime factors of 906862?
2, 11, 41221
What are the prime factors of 307629?
3, 7, 19, 257
What are the prime factors of 532543?
11, 48413
What are the prime factors of 74214?
2, 3, 7, 19, 31
What are the prime factors of 10925505?
3, 5, 242789
List the prime factors of 5494812.
2, 3, 31, 14771
List the prime factors of 3376169.
241, 14009
What are the prime factors of 7437?
3, 37, 67
List the prime factors of 523912.
2, 43, 1523
What are the prime factors of 224823?
3, 74941
What are the prime factors of 343995?
3, 5, 17, 19, 71
List the prime factors of 303639.
3, 7, 19, 761
What are the prime factors of 67100?
2, 5, 11, 61
List the prime factors of 2105275.
5, 84211
What are the prime factors of 72571?
31, 2341
List the prime factors of 332475.
3, 5, 11, 13, 31
What are the prime factors of 1224551?
89, 13759
List the prime factors of 9043934.
2, 1487, 3041
What are the prime factors of 163863?
3, 7, 17
List the prime factors of 581233.
23, 37, 683
List the prime factors of 437372.
2, 13, 647
What are the prime factors of 1687058?
2, 83, 10163
What are the prime factors of 80012?
2, 83, 241
List the prime factors of 1363539.
3, 454513
List the prime factors of 3128728.
2, 103, 3797
List the prime factors of 2532156.
2, 3, 11, 19183
List the prime factors of 11531683.
11531683
What are the prime factors of 553765?
5, 110753
What are the prime factors of 12185869?
157, 77617
List the prime factors of 4772389.
1459, 3271
What are the prime factors of 2483029?
313, 7933
List the prime factors of 7646969.
11, 73, 89, 107
What are the prime factors of 480806?
2, 311, 773
What are the prime factors of 1070459?
13, 67, 1229
What are the prime factors of 110875?
5, 887
What are the prime factors of 3754143?
3, 417127
List the prime factors of 746994.
2, 3, 23, 5413
List the prime factors of 1376938.
2, 727, 947
What are the prime factors of 496853?
7, 70979
List the prime factors of 7470908.
2, 1867727
List the prime factors of 1765272.
2, 3, 73553
List the prime factors of 12640080.
2, 3, 5, 52667
List the prime factors of 643028.
2, 160757
List the prime factors of 2335154.
2, 17, 173, 397
What are the prime factors of 35481604?
2, 8870401
What are the prime factors of 4651193?
113, 41161
What are the prime factors of 10908363?
3, 313, 11617
What are the prime factors of 214517?
214517
What are the prime factors of 9426994?
2, 1973, 2389
List the prime factors of 8253008.
2, 515813
What are the prime factors of 534385?
5, 106877
What are the prime factors of 331492?
2, 7, 11839
What are the prime factors of 5806397?
5806397
List the prime factors of 13409411.
353, 37987
What are the prime factors of 415422?
2, 3, 7, 157
What are the prime factors of 715583?
11, 65053
List the prime factors of 724140.
2, 3, 5, 149
List the prime factors of 1946